29 divide 37360398?
False
Is 5 a factor of 7406699?
False
Is 28795540 a multiple of 460?
True
Is 493 a factor of 396178711?
False
Is 38 a factor of 6715169164?
True
Does 31 divide 308893230?
False
Is 51 a factor of 3463602066?
True
Does 127 divide 71385253?
False
Is 1894 a factor of 14841384?
True
Is 43354836 a multiple of 36?
True
Is 59023074 a multiple of 5?
False
Is 375890781 a multiple of 167?
True
Is 6317 a factor of 5325530884?
False
Does 436 divide 424163?
False
Does 1172 divide 147082267?
False
Is 6424850454 a multiple of 22?
True
Is 219994026 a multiple of 14?
True
Is 3466624 a multiple of 279?
False
Does 14 divide 474614813?
False
Is 3 a factor of 9477043?
False
Does 1613 divide 224507189?
False
Does 202 divide 3864039?
False
Is 12 a factor of 19003765?
False
Is 111199067 a multiple of 2051?
True
Does 305 divide 62101050?
True
Is 427831299 a multiple of 1043?
True
Does 36 divide 281586973?
False
Is 2477 a factor of 2885203573?
False
Is 111699316 a multiple of 216?
False
Does 51 divide 1548095?
False
Is 5489300 a multiple of 67?
False
Is 29 a factor of 60567573?
True
Is 644979776 a multiple of 76?
True
Is 16729522 a multiple of 239?
True
Is 126 a factor of 183694926?
False
Is 16 a factor of 1738948489?
False
Is 1099 a factor of 19496260?
True
Is 36971591 a multiple of 128?
False
Is 467 a factor of 29341731?
False
Is 3999 a factor of 219001236?
True
Does 5806 divide 2111536894?
False
Is 23 a factor of 121478312?
False
Does 29 divide 521640835?
True
Is 19 a factor of 1527657983?
False
Is 14149570 a multiple of 18?
False
Is 482702340 a multiple of 313?
True
Is 50 a factor of 1950550?
True
Is 2246014749 a multiple of 257?
True
Is 39 a factor of 404673451?
False
Is 17 a factor of 479177045?
True
Does 2025 divide 13634325?
True
Does 4101 divide 145197158?
False
Is 51222622 a multiple of 7?
False
Is 29884238 a multiple of 1322?
False
Does 35 divide 611922605?
True
Is 29 a factor of 27618527?
True
Is 18772536 a multiple of 74?
False
Is 1910 a factor of 18601117?
False
Does 26 divide 496758522?
True
Is 246 a factor of 83321844?
False
Is 10795616 a multiple of 104?
True
Does 11 divide 3215289?
True
Is 30 a factor of 16312838?
False
Is 5692235 a multiple of 2?
False
Is 7 a factor of 2349694775?
False
Is 102389708 a multiple of 86?
True
Does 41 divide 34247428?
False
Is 73 a factor of 83476449?
True
Does 20 divide 114704348?
False
Is 1017151275 a multiple of 1295?
True
Does 34 divide 182223145?
False
Is 172407226 a multiple of 5?
False
Does 410 divide 23224450?
True
Is 150 a factor of 57382050?
True
Does 23 divide 8957626?
True
Does 352 divide 332340096?
True
Is 35 a factor of 477734262?
False
Does 13 divide 245237512?
True
Does 4 divide 24581692?
True
Does 84 divide 2365566?
False
Is 99828326 a multiple of 26?
True
Does 1296 divide 28959120?
True
Is 7 a factor of 64472125?
False
Does 83 divide 519243103?
True
Is 94478402 a multiple of 601?
True
Does 19 divide 296889554?
True
Does 8 divide 7167412?
False
Does 197 divide 338019889?
True
Is 18 a factor of 6604129?
False
Does 12 divide 213311054?
False
Does 120 divide 1519641125?
False
Does 566 divide 2377462?
False
Is 2178 a factor of 3977028?
True
Is 19 a factor of 4613845?
False
Does 126 divide 1008873306?
True
Does 825 divide 356964300?
True
Does 240 divide 223741680?
True
Does 8 divide 3391430722?
False
Does 123 divide 497304006?
True
Does 103 divide 207413363?
False
Does 442 divide 160537350?
False
Does 55 divide 98349978?
False
Does 201 divide 1476035862?
True
Is 8176266 a multiple of 298?
False
Is 194667330 a multiple of 330?
True
Is 8756724 a multiple of 174?
True
Does 556 divide 33841496?
True
Does 474 divide 22433178?
False
Is 38595810 a multiple of 407?
True
Is 3752072295 a multiple of 51?
True
Does 315 divide 79158240?
True
Is 52 a factor of 15460881?
False
Is 227 a factor of 611629708?
True
Does 101 divide 327484089?
False
Is 183 a factor of 695699571?
True
Is 62432471 a multiple of 36?
False
Is 35 a factor of 2834754806?
False
Does 248 divide 1176330464?
True
Is 771868263 a multiple of 6?
False
Does 107 divide 567781147?
False
Is 121 a factor of 2461115074?
True
Is 19 a factor of 169534473?
True
Is 2 a factor of 7926818?
True
Is 55481937 a multiple of 21?
True
Is 29836764 a multiple of 482?
True
Does 48 divide 195380215?
False
Is 12553317 a multiple of 221?
False
Is 21 a factor of 30559573?
False
Is 4 a factor of 9487476?
True
Is 171 a factor of 13267377?
True
Is 7070 a factor of 2353850450?
True
Does 1276 divide 2127948196?
True
Is 5472305 a multiple of 60?
False
Is 84750291 a multiple of 143?
False
Does 1420 divide 220271820?
True
Is 150456668 a multiple of 19?
True
Is 2041 a factor of 548161575?
True
Does 4 divide 26212072?
True
Does 41 divide 4081519?
False
Is 202 a factor of 2050763388?
True
Is 278555026 a multiple of 14?
False
Is 19 a factor of 10899318?
False
Is 13 a factor of 24349416?
True
Is 11854129 a multiple of 5?
False
Does 9 divide 51705576?
True
Is 1529 a factor of 23843606?
False
Does 461 divide 167319687?
False
Is 8176 a factor of 2796032294?
False
Is 416093923 a multiple of 2932?
False
Is 11 a factor of 49690421?
True
Does 1764 divide 74641896?
True
Is 173 a factor of 112318178?
False
Is 15481842 a multiple of 13?
False
Does 11 divide 72959997?
True
Does 153 divide 18801558?
True
Is 213 a factor of 13698060?
False
Is 245793832 a multiple of 6?
False
Is 1994321860 a multiple of 365?
False
Does 128 divide 64479890?
False
Is 3129 a factor of 177573767?
False
Is 23 a factor of 4107212005?
True
Does 241 divide 3181954926?
False
Is 38674421 a multiple of 242?
False
Does 2642 divide 3886593360?
True
Does 3427 divide 681938255?
False
Is 886 a factor of 44160421?
False
Does 3370 divide 302839091?
False
Is 1562106 a multiple of 20?
False
Does 3824 divide 253689736?
False
Does 129 divide 1666125281?
False
Does 35 divide 212712114?
False
Does 4579 divide 705705991?
False
Is 3 a factor of 910873231?
False
Is 1369 a factor of 1836597603?
False
Is 151 a factor of 181976168?
False
Is 195050940 a multiple of 14?
True
Does 243 divide 23282073?
True
Does 53 divide 8580011?
True
Does 14 divide 15621340?
True
Is 136 a factor of 1805396056?
True
Is 24734600 a multiple of 8?
True
Is 394 a factor of 208117892?
True
Does 3596 divide 127006946?
False
Is 201 a factor of 1089214509?
False
Does 2916 divide 54275508?
True
Is 283 a factor of 26793791?
False
Is 14 a factor of 55661956?
True
Is 132 a factor of 70326379?
False
Is 25 a factor of 17908290?
False
Does 1423 divide 117501379?
True
Is 17 a factor of 343869098?
True
Does 2767 divide 174998949?
False
Does 15 divide 310324830?
True
Is 1553384695 a multiple of 23?
True
Is 3172 a factor of 264107064?
True
Does 10 divide 1717418217?
False
Does 2899 divide 660898030?
False
Is 5347077 a multiple of 183?
True
Is 502 a factor of 87592976?
True
Is 1455194663 a multiple of 18?
False
Does 47 divide 1132289925?
True
Does 13955 divide 49492058?
False
Does 1953 divide 42206283?
True
Is 220 a factor of 828226809?
False
Is 72815344 a multiple of 2828?
True
Is 33 a factor of 1163032?
False
Is 394 a factor of 528644605?
False
Does 15 divide 1263833100?
True
Is 1870 a factor of 201516810?
True
Does 371 divide 51678074?
True
Is 46 a factor of 434093950?
True
Is 2097504927 a multiple of 441?
True
Is 37507880 a multiple of 20?
True
Is 36969759 a multiple of 724?
False
Is 709754196 a multiple of 228?
True
Does 4 divide 3181496?
True
Is 433298666 a multiple of 998?
True
Is 81434 a multiple of 2?
True
Is 1558 a factor of 111825405?
False
Does 57 divide 4364889?
True
Is 9 a factor of 324408?
False
Does 241 divide 553772558?
False
Does 79 divide 43158626?
False
Is 879 a factor of 42348462?
True
Is 5 a factor of 120288102?
False
Does 21 divide 722766174?
False
Is 13085336 a multiple of 13?
False
Does 1298 divide 37669258?
True
Is 159955800 a multiple of 1038?
True
Does 249 divide 57396492?
True
Is 4771 a factor of 15190864?
True
Is 565 a factor of 3733077?
False
Does 220 divide 2961420?
True
Is 617 a factor of 1450086304?
False
Is 149834213 a multiple of 633?
False
Is 368277 a multiple of 13?
True
Does 3 divide 330822265?
False
Does 90 divide 1719801810?
True
Is 889 a factor of 60100845?
True
Is 149 a factor of 418847046?
True
Is 49 a factor of 384764121?
True
Is